11, 1041787
List the prime factors of 1504108282.
2, 31, 151, 347, 463
List the prime factors of 28345729.
23, 43, 28661
What are the prime factors of 121484049?
3, 47, 861589
List the prime factors of 275253743.
31, 8879153
List the prime factors of 290998022.
2, 7, 20785573
List the prime factors of 88170810.
2, 3, 5, 7, 13, 32297
List the prime factors of 321830424.
2, 3, 281, 15907
What are the prime factors of 336412950?
2, 3, 5, 23, 97511
What are the prime factors of 2625001764?
2, 3, 7, 11, 2840911
What are the prime factors of 1085566681?
107, 10145483
What are the prime factors of 14377701?
3, 13, 487, 757
What are the prime factors of 103623033?
3, 34541011
What are the prime factors of 2067131884?
2, 516782971
List the prime factors of 4676577190.
2, 5, 1913, 244463
List the prime factors of 3532430.
2, 5, 11, 17, 1889
What are the prime factors of 195757304?
2, 19, 67783
What are the prime factors of 1259793644?
2, 314948411
List the prime factors of 7310685805.
5, 1462137161
What are the prime factors of 22202546?
2, 181, 61333
What are the prime factors of 126267606?
2, 3, 37, 63197
What are the prime factors of 163864883?
7, 13, 1800713
What are the prime factors of 5093399813?
23297, 218629
List the prime factors of 812610914.
2, 17, 29, 109, 7561
What are the prime factors of 45238147?
71, 637157
List the prime factors of 277969765.
5, 73, 761561
List the prime factors of 32743197.
3, 149, 2713
What are the prime factors of 302715262?
2, 359, 421609
List the prime factors of 98428880.
2, 5, 11, 37, 3023
List the prime factors of 19934748.
2, 3, 20509
List the prime factors of 2307733216.
2, 37, 41, 137, 347
List the prime factors of 191640393.
3, 7, 23, 132257
List the prime factors of 5205660.
2, 3, 5, 53, 1637
List the prime factors of 78853216.
2, 13, 37, 47, 109
List the prime factors of 859878375.
3, 5, 661, 3469
What are the prime factors of 4494618442?
2, 2247309221
List the prime factors of 3478410936.
2, 3, 7, 11, 13, 17, 167
What are the prime factors of 737568720?
2, 3, 5, 7, 48781
List the prime factors of 8658575.
5, 47, 7369
What are the prime factors of 1309429156?
2, 7, 19, 241, 1459
List the prime factors of 15699194.
2, 7, 17, 65963
What are the prime factors of 23619084?
2, 3, 1968257
List the prime factors of 67611072.
2, 3, 349, 1009
List the prime factors of 6466244553.
3, 1039, 230501
List the prime factors of 232552907.
3347, 69481
What are the prime factors of 69631872?
2, 3, 149, 1217
What are the prime factors of 507213986?
2, 23, 67, 199, 827
What are the prime factors of 616113901?
13, 47393377
What are the prime factors of 386634277?
6143, 62939
What are the prime factors of 280200673?
1979, 141587
List the prime factors of 289830596.
2, 11, 1031, 6389
List the prime factors of 2052216.
2, 3, 3167
What are the prime factors of 4706068747?
4706068747
What are the prime factors of 27064688?
2, 7, 167, 1447
List the prime factors of 94320962.
2, 1307, 36083
List the prime factors of 46268905.
5, 1613, 5737
List the prime factors of 991365237.
3, 12239077
What are the prime factors of 32340024?
2, 3, 23, 59, 331
What are the prime factors of 11293176?
2, 3, 31, 43, 353
What are the prime factors of 59044116?
2, 3, 29, 169667
List the prime factors of 114713996.
2, 227, 126337
List the prime factors of 1877005085.
5, 18089, 20753
List the prime factors of 301096689.
3, 2477, 40519
List the prime factors of 65504075.
5, 7, 13, 28793
What are the prime factors of 3881150237?
347, 11184871
What are the prime factors of 163822874?
2, 81911437
What are the prime factors of 107757543?
3, 17, 2112893
List the prime factors of 530896197.
3, 13, 239, 56957
What are the prime factors of 1734413088?
2, 3, 59, 139, 2203
List the prime factors of 2538267817.
19, 31, 4309453
What are the prime factors of 49508519?
31, 53, 30133
What are the prime factors of 16881163?
13, 1298551
List the prime factors of 315967993.
11, 28724363
List the prime factors of 80537852.
2, 20134463
List the prime factors of 442964604.
2, 3, 67, 550951
What are the prime factors of 70997963?
70997963
List the prime factors of 1817225506.
2, 17, 151, 239, 1481
List the prime factors of 1873796492.
2, 19, 163, 419
List the prime factors of 1485132639.
3, 6577, 75269
What are the prime factors of 325104407?
2371, 137117
What are the prime factors of 676811568?
2, 3, 439, 32119
List the prime factors of 36090684.
2, 3, 7, 15913
List the prime factors of 56148230.
2, 5, 19, 295517
What are the prime factors of 568590232?
2, 7, 10153397
What are the prime factors of 119142323?
23, 5180101
List the prime factors of 30976072.
2, 107, 36187
List the prime factors of 501296514.
2, 3, 181, 461599
What are the prime factors of 2988791464?
2, 7459, 50087
What are the prime factors of 78020587?
131, 595577
List the prime factors of 24187302.
2, 3, 307, 1459
List the prime factors of 285320057.
11, 2358017
List the prime factors of 22691923.
17, 1334819
What are the prime factors of 121264876?
2, 17, 71, 25117
List the prime factors of 212207263.
212207263
List the prime factors of 1106996902.
2, 11, 43, 53, 22079
What are the prime factors of 1381522043?
11, 125592913
What are the prime factors of 661857120?
2, 3, 5, 459623
What are the prime factors of 25995912?
2, 3, 991, 1093
List the prime factors of 102327701.
7, 373, 39191
List the prime factors of 438372746.
2, 7, 359, 87221
List the prime factors of 333914308.
2, 7, 13, 797, 1151
What are the prime factors of 1509748881?
3, 503249627
List the prime factors of 854263781.
7, 122037683
What are the prime factors of 49052484?
2, 3, 13, 281, 373
What are the prime factors of 1142418757?
19, 60127303
What are the prime factors of 144118720?
2, 5, 97, 4643
What are the prime factors of 568178958?
2, 3, 47, 2014819
List the prime factors of 177677767.
177677767
List the prime factors of 433513623.
3, 41, 673, 5237
List the prime factors of 77932428.
2, 3, 7, 211, 4397
What are the prime factors of 2707277416?
2, 73, 2027, 2287
What are the prime factors of 1851258548?
2, 227, 2038831
List the prime factors of 744283356.
2, 3, 103, 661, 911
List the prime factors of 1809831489.
3, 151, 181, 22073
What are the prime factors of 4643177?
7, 11, 47, 1283
What are the prime factors of 903791492?
2, 211, 1070843
List the prime factors of 59101333.
17, 29, 119881
List the prime factors of 123987190.
2, 5, 12398719
List the prime factors of 248258603.
248258603
List the prime factors of 1443299873.
1443299873
List the prime factors of 1343853385.
5, 7, 4339, 8849
List the prime factors of 342565207.
342565207
List the prime factors of 44375854.
2, 269, 82483
What are the prime factors of 252461971?
252461971
What are the prime factors of 177661240?
2, 5, 4441531
List the prime factors of 55169669.
55169669
List the prime factors of 1060678174.
2, 73, 79, 91961
List the prime factors of 635280685.
5, 13, 9773549
What are the prime factors of 41395713?
3, 43, 223, 1439
List the prime factors of 123810255.
3, 5, 917113
What are the prime factors of 4478097409?
4478097409
List the prime factors of 93133502.
2, 7, 11, 619, 977
What are the prime factors of 513677487?
3, 8887, 19267
What are the prime factors of 1416629543?
7, 3761, 7687
What are the prime factors of 51046855?
5, 10209371
List the prime factors of 45173949.
3, 1409, 10687
List the prime factors of 1396365.
3, 5, 127, 733
List the prime factors of 41695062.
2, 3, 31, 97, 2311
List the prime factors of 204716769.
3, 349, 195527
What are the prime factors of 204310453?
1367, 149459
List the prime factors of 5624918630.
2, 5, 1621, 347003
List the prime factors of 289896812.
2, 107, 823
What are the prime factors of 126912035?
5, 37, 686011
List the prime factors of 17582432.
2, 7, 53, 1481
List the prime factors of 681253707.
3, 59, 3848891
List the prime factors of 44713831.
44713831
What are the prime factors of 394040155?
5, 449, 175519
What are the prime factors of 163050607?
31, 743, 7079
What are the prime factors of 54380518?
2, 17, 1599427
What are the prime factors of 26387659?
79, 334021
List the prime factors of 651033063.
3, 72337007
What are the prime factors of 132131243?
523, 252641
What are the prime factors of 52798195?
5, 43, 5711
